{"id":36,"date":"2023-03-05T22:34:03","date_gmt":"2023-03-05T22:34:03","guid":{"rendered":"https:\/\/s5.mikrocontroller.bplaced.net\/blog\/?page_id=36"},"modified":"2023-09-01T22:17:04","modified_gmt":"2023-09-01T22:17:04","slug":"simatic-s5-135u","status":"publish","type":"page","link":"https:\/\/s5.mikrocontroller.bplaced.net\/blog\/simatic-s5-135u\/","title":{"rendered":"Simatic S5-135U"},"content":{"rendered":"\n<p>Simatic S5-135U \u2013 Dieses modular aufgebaute Automatisierungsger\u00e4t geh\u00f6rte zum mittleren Leistungsbereich der Simatic-S5-Ger\u00e4tereihe. Es handelt sich um das erste Simatic-<a href=\"https:\/\/de.wikipedia.org\/wiki\/Mehrprozessorsystem\">Mehrprozessorsystem<\/a>&nbsp;mit bis zu vier parallel betriebenen Zentralprozessoren. Jeder Zentralprozessor hat sein eigenes Programm, seine eigenen Merker, Zeiten und Z\u00e4hler. Alle Zentralprozessoren arbeiten mit demselben Peripheriebus; sie k\u00f6nnen \u00fcber Koppelmerker oder \u00fcber Datenbausteine untereinander Daten austauschen.<\/p>\n\n\n\n<figure class=\"wp-block-image size-large\"><img loading=\"lazy\" decoding=\"async\" width=\"1024\" height=\"804\" src=\"https:\/\/s5.mikrocontroller.bplaced.net\/blog\/wp-content\/uploads\/2023\/03\/S5-135U-01-1024x804.jpg\" alt=\"\" class=\"wp-image-166\" srcset=\"https:\/\/s5.mikrocontroller.bplaced.net\/blog\/wp-content\/uploads\/2023\/03\/S5-135U-01-1024x804.jpg 1024w, https:\/\/s5.mikrocontroller.bplaced.net\/blog\/wp-content\/uploads\/2023\/03\/S5-135U-01-300x236.jpg 300w, https:\/\/s5.mikrocontroller.bplaced.net\/blog\/wp-content\/uploads\/2023\/03\/S5-135U-01-768x603.jpg 768w, https:\/\/s5.mikrocontroller.bplaced.net\/blog\/wp-content\/uploads\/2023\/03\/S5-135U-01-1536x1206.jpg 1536w, https:\/\/s5.mikrocontroller.bplaced.net\/blog\/wp-content\/uploads\/2023\/03\/S5-135U-01.jpg 1600w\" sizes=\"auto, (max-width: 1024px) 100vw, 1024px\" \/><\/figure>\n\n\n\n<ul class=\"wp-block-list\">\n<li><a href=\"https:\/\/s5.mikrocontroller.bplaced.net\/blog\/wp-content\/uploads\/2023\/03\/S5-135U_Operationsliste_d.pdf\" target=\"_blank\" rel=\"noreferrer noopener\">S5-135U Operationsliste (deutsch).pdf<\/a><\/li>\n\n\n\n<li><a href=\"https:\/\/s5.mikrocontroller.bplaced.net\/blog\/wp-content\/uploads\/2023\/03\/S5-135U_Programmieranleitung_d.pdf\" target=\"_blank\" rel=\"noreferrer noopener\">S5-135U Programmieranleitung (deutsch).pdf<\/a><\/li>\n\n\n\n<li><a href=\"https:\/\/s5.mikrocontroller.bplaced.net\/blog\/wp-content\/uploads\/2023\/03\/S5-135U-155U_Systemhandbuch_d.pdf\" target=\"_blank\" rel=\"noreferrer noopener\">S5-135U-155U Systemhandbuch (deutsch).pdf<\/a><\/li>\n<\/ul>\n\n\n\n<figure class=\"wp-block-table\"><table><thead><tr><th>CPUs 135er Serie<\/th><th>CPU<\/th><th>Interner Programm-\/Datenspeicher<\/th><th>Besonderheiten<\/th><\/tr><\/thead><tbody><tr><td>6ES5 920-3UA1x<\/td><td>CPU 920<\/td><td><\/td><td>&#8222;M-Prozessor&#8220;; F\u00fcr Messwertverarbeitung; Programmierung in C, Assembler oder Basic<\/td><\/tr><tr><td>6ES5 921-3UA1x<\/td><td>CPU 921<\/td><td>\u2013 (nur externes RAM- oder EPROM-Modul)<\/td><td>&#8222;S-Prozessor&#8220;; F\u00fcr Steuerungsaufgaben (Bin\u00e4rsignalverarbeitung)<\/td><\/tr><tr><td>6ES5 922-3UA1x<\/td><td>CPU 922<\/td><td>\u2013 (nur externes RAM- oder EPROM-Modul)\/22 kByte RAM<\/td><td>&#8222;R-Prozessor&#8220;; F\u00fcr schnelle Wortverarbeitung (Rechnen\/Regeln) und Bin\u00e4rsignalverarbeitung<\/td><\/tr><tr><td>6ES5 928-3UA1x<\/td><td>CPU 928<\/td><td>\u2013 (nur externes RAM- oder EPROM-Modul)\/46 kByte RAM<\/td><td>universell einsetzbar<\/td><\/tr><tr><td>6ES5 928-3UA2x<\/td><td>CPU 928A<\/td><td>64\/46 kByte RAM<\/td><td>schmale Bauform; Universell einsetzbar<\/td><\/tr><tr><td>6ES5 928-3UB1x<\/td><td>CPU 928B<\/td><td>\u2013 (nur externes RAM- oder EPROM-Modul)\/46 kByte RAM<\/td><td>Universell einsetzbar; zweite Schnittstelle f\u00fcr Kommunikation zu externen Ger\u00e4ten<\/td><\/tr><tr><td>6ES5 928-3UB2x<\/td><td>CPU 928B<\/td><td>64\/46 kByte RAM<\/td><td>schmale Bauform; Universell einsetzbar; zweite Schnittstelle f\u00fcr Kommunikation zu externen Ger\u00e4ten<\/td><\/tr><\/tbody><\/table><\/figure>\n\n\n\n<figure class=\"wp-block-gallery has-nested-images columns-default is-cropped wp-block-gallery-1 is-layout-flex wp-block-gallery-is-layout-flex\">\n<figure class=\"wp-block-image size-large\"><a href=\"https:\/\/s5.mikrocontroller.bplaced.net\/blog\/wp-content\/uploads\/2023\/03\/S5-135U-01-1.jpg\"><img loading=\"lazy\" decoding=\"async\" width=\"1024\" height=\"804\" data-id=\"169\" src=\"https:\/\/s5.mikrocontroller.bplaced.net\/blog\/wp-content\/uploads\/2023\/03\/S5-135U-01-1-1024x804.jpg\" alt=\"\" class=\"wp-image-169\" srcset=\"https:\/\/s5.mikrocontroller.bplaced.net\/blog\/wp-content\/uploads\/2023\/03\/S5-135U-01-1-1024x804.jpg 1024w, https:\/\/s5.mikrocontroller.bplaced.net\/blog\/wp-content\/uploads\/2023\/03\/S5-135U-01-1-300x236.jpg 300w, https:\/\/s5.mikrocontroller.bplaced.net\/blog\/wp-content\/uploads\/2023\/03\/S5-135U-01-1-768x603.jpg 768w, https:\/\/s5.mikrocontroller.bplaced.net\/blog\/wp-content\/uploads\/2023\/03\/S5-135U-01-1-1536x1206.jpg 1536w, https:\/\/s5.mikrocontroller.bplaced.net\/blog\/wp-content\/uploads\/2023\/03\/S5-135U-01-1.jpg 1600w\" sizes=\"auto, (max-width: 1024px) 100vw, 1024px\" \/><\/a><\/figure>\n\n\n\n<figure class=\"wp-block-image size-large\"><a href=\"https:\/\/s5.mikrocontroller.bplaced.net\/blog\/wp-content\/uploads\/2023\/03\/S5-135U-02.jpg\"><img loading=\"lazy\" decoding=\"async\" width=\"1024\" height=\"679\" data-id=\"170\" src=\"https:\/\/s5.mikrocontroller.bplaced.net\/blog\/wp-content\/uploads\/2023\/03\/S5-135U-02-1024x679.jpg\" alt=\"\" class=\"wp-image-170\" srcset=\"https:\/\/s5.mikrocontroller.bplaced.net\/blog\/wp-content\/uploads\/2023\/03\/S5-135U-02-1024x679.jpg 1024w, https:\/\/s5.mikrocontroller.bplaced.net\/blog\/wp-content\/uploads\/2023\/03\/S5-135U-02-300x199.jpg 300w, https:\/\/s5.mikrocontroller.bplaced.net\/blog\/wp-content\/uploads\/2023\/03\/S5-135U-02-768x509.jpg 768w, https:\/\/s5.mikrocontroller.bplaced.net\/blog\/wp-content\/uploads\/2023\/03\/S5-135U-02-1536x1019.jpg 1536w, https:\/\/s5.mikrocontroller.bplaced.net\/blog\/wp-content\/uploads\/2023\/03\/S5-135U-02.jpg 1600w\" sizes=\"auto, (max-width: 1024px) 100vw, 1024px\" \/><\/a><\/figure>\n\n\n\n<figure class=\"wp-block-image size-large\"><a href=\"https:\/\/s5.mikrocontroller.bplaced.net\/blog\/wp-content\/uploads\/2023\/03\/S5-135U-03.jpg\"><img loading=\"lazy\" decoding=\"async\" width=\"1024\" height=\"743\" data-id=\"174\" src=\"https:\/\/s5.mikrocontroller.bplaced.net\/blog\/wp-content\/uploads\/2023\/03\/S5-135U-03-1024x743.jpg\" alt=\"\" class=\"wp-image-174\" srcset=\"https:\/\/s5.mikrocontroller.bplaced.net\/blog\/wp-content\/uploads\/2023\/03\/S5-135U-03-1024x743.jpg 1024w, https:\/\/s5.mikrocontroller.bplaced.net\/blog\/wp-content\/uploads\/2023\/03\/S5-135U-03-300x218.jpg 300w, https:\/\/s5.mikrocontroller.bplaced.net\/blog\/wp-content\/uploads\/2023\/03\/S5-135U-03-768x557.jpg 768w, https:\/\/s5.mikrocontroller.bplaced.net\/blog\/wp-content\/uploads\/2023\/03\/S5-135U-03-1536x1115.jpg 1536w, https:\/\/s5.mikrocontroller.bplaced.net\/blog\/wp-content\/uploads\/2023\/03\/S5-135U-03.jpg 1600w\" sizes=\"auto, (max-width: 1024px) 100vw, 1024px\" \/><\/a><\/figure>\n\n\n\n<figure class=\"wp-block-image size-large\"><a href=\"https:\/\/s5.mikrocontroller.bplaced.net\/blog\/wp-content\/uploads\/2023\/03\/S5-135U-04.jpg\"><img loading=\"lazy\" decoding=\"async\" width=\"1024\" height=\"671\" data-id=\"178\" src=\"https:\/\/s5.mikrocontroller.bplaced.net\/blog\/wp-content\/uploads\/2023\/03\/S5-135U-04-1024x671.jpg\" alt=\"\" class=\"wp-image-178\" srcset=\"https:\/\/s5.mikrocontroller.bplaced.net\/blog\/wp-content\/uploads\/2023\/03\/S5-135U-04-1024x671.jpg 1024w, https:\/\/s5.mikrocontroller.bplaced.net\/blog\/wp-content\/uploads\/2023\/03\/S5-135U-04-300x197.jpg 300w, https:\/\/s5.mikrocontroller.bplaced.net\/blog\/wp-content\/uploads\/2023\/03\/S5-135U-04-768x503.jpg 768w, https:\/\/s5.mikrocontroller.bplaced.net\/blog\/wp-content\/uploads\/2023\/03\/S5-135U-04-1536x1007.jpg 1536w, https:\/\/s5.mikrocontroller.bplaced.net\/blog\/wp-content\/uploads\/2023\/03\/S5-135U-04.jpg 1599w\" sizes=\"auto, (max-width: 1024px) 100vw, 1024px\" \/><\/a><\/figure>\n\n\n\n<figure class=\"wp-block-image size-large\"><a href=\"https:\/\/s5.mikrocontroller.bplaced.net\/blog\/wp-content\/uploads\/2023\/03\/S5-135U-05.jpg\"><img loading=\"lazy\" decoding=\"async\" width=\"1024\" height=\"682\" data-id=\"172\" src=\"https:\/\/s5.mikrocontroller.bplaced.net\/blog\/wp-content\/uploads\/2023\/03\/S5-135U-05-1024x682.jpg\" alt=\"\" class=\"wp-image-172\" srcset=\"https:\/\/s5.mikrocontroller.bplaced.net\/blog\/wp-content\/uploads\/2023\/03\/S5-135U-05-1024x682.jpg 1024w, https:\/\/s5.mikrocontroller.bplaced.net\/blog\/wp-content\/uploads\/2023\/03\/S5-135U-05-300x200.jpg 300w, https:\/\/s5.mikrocontroller.bplaced.net\/blog\/wp-content\/uploads\/2023\/03\/S5-135U-05-768x512.jpg 768w, https:\/\/s5.mikrocontroller.bplaced.net\/blog\/wp-content\/uploads\/2023\/03\/S5-135U-05-1536x1023.jpg 1536w, https:\/\/s5.mikrocontroller.bplaced.net\/blog\/wp-content\/uploads\/2023\/03\/S5-135U-05.jpg 1600w\" sizes=\"auto, (max-width: 1024px) 100vw, 1024px\" \/><\/a><\/figure>\n\n\n\n<figure class=\"wp-block-image size-large\"><a href=\"https:\/\/s5.mikrocontroller.bplaced.net\/blog\/wp-content\/uploads\/2023\/03\/S5-135U-06.jpg\"><img loading=\"lazy\" decoding=\"async\" width=\"1024\" height=\"682\" data-id=\"168\" src=\"https:\/\/s5.mikrocontroller.bplaced.net\/blog\/wp-content\/uploads\/2023\/03\/S5-135U-06-1024x682.jpg\" alt=\"\" class=\"wp-image-168\" srcset=\"https:\/\/s5.mikrocontroller.bplaced.net\/blog\/wp-content\/uploads\/2023\/03\/S5-135U-06-1024x682.jpg 1024w, https:\/\/s5.mikrocontroller.bplaced.net\/blog\/wp-content\/uploads\/2023\/03\/S5-135U-06-300x200.jpg 300w, https:\/\/s5.mikrocontroller.bplaced.net\/blog\/wp-content\/uploads\/2023\/03\/S5-135U-06-768x512.jpg 768w, https:\/\/s5.mikrocontroller.bplaced.net\/blog\/wp-content\/uploads\/2023\/03\/S5-135U-06-1536x1023.jpg 1536w, https:\/\/s5.mikrocontroller.bplaced.net\/blog\/wp-content\/uploads\/2023\/03\/S5-135U-06.jpg 1600w\" sizes=\"auto, (max-width: 1024px) 100vw, 1024px\" \/><\/a><\/figure>\n\n\n\n<figure class=\"wp-block-image size-large\"><a href=\"https:\/\/s5.mikrocontroller.bplaced.net\/blog\/wp-content\/uploads\/2023\/03\/S5-135U-07.jpg\"><img loading=\"lazy\" decoding=\"async\" width=\"1024\" height=\"712\" data-id=\"171\" src=\"https:\/\/s5.mikrocontroller.bplaced.net\/blog\/wp-content\/uploads\/2023\/03\/S5-135U-07-1024x712.jpg\" alt=\"\" class=\"wp-image-171\" srcset=\"https:\/\/s5.mikrocontroller.bplaced.net\/blog\/wp-content\/uploads\/2023\/03\/S5-135U-07-1024x712.jpg 1024w, https:\/\/s5.mikrocontroller.bplaced.net\/blog\/wp-content\/uploads\/2023\/03\/S5-135U-07-300x209.jpg 300w, https:\/\/s5.mikrocontroller.bplaced.net\/blog\/wp-content\/uploads\/2023\/03\/S5-135U-07-768x534.jpg 768w, https:\/\/s5.mikrocontroller.bplaced.net\/blog\/wp-content\/uploads\/2023\/03\/S5-135U-07-1536x1068.jpg 1536w, https:\/\/s5.mikrocontroller.bplaced.net\/blog\/wp-content\/uploads\/2023\/03\/S5-135U-07.jpg 1600w\" sizes=\"auto, (max-width: 1024px) 100vw, 1024px\" \/><\/a><\/figure>\n\n\n\n<figure class=\"wp-block-image size-large\"><a href=\"https:\/\/s5.mikrocontroller.bplaced.net\/blog\/wp-content\/uploads\/2023\/03\/S5-135U-08.jpg\"><img loading=\"lazy\" decoding=\"async\" width=\"682\" height=\"1024\" data-id=\"177\" src=\"https:\/\/s5.mikrocontroller.bplaced.net\/blog\/wp-content\/uploads\/2023\/03\/S5-135U-08-682x1024.jpg\" alt=\"\" class=\"wp-image-177\" srcset=\"https:\/\/s5.mikrocontroller.bplaced.net\/blog\/wp-content\/uploads\/2023\/03\/S5-135U-08-682x1024.jpg 682w, https:\/\/s5.mikrocontroller.bplaced.net\/blog\/wp-content\/uploads\/2023\/03\/S5-135U-08-200x300.jpg 200w, https:\/\/s5.mikrocontroller.bplaced.net\/blog\/wp-content\/uploads\/2023\/03\/S5-135U-08-768x1153.jpg 768w, https:\/\/s5.mikrocontroller.bplaced.net\/blog\/wp-content\/uploads\/2023\/03\/S5-135U-08-1023x1536.jpg 1023w, https:\/\/s5.mikrocontroller.bplaced.net\/blog\/wp-content\/uploads\/2023\/03\/S5-135U-08.jpg 1066w\" sizes=\"auto, (max-width: 682px) 100vw, 682px\" \/><\/a><\/figure>\n\n\n\n<figure class=\"wp-block-image size-large\"><a href=\"https:\/\/s5.mikrocontroller.bplaced.net\/blog\/wp-content\/uploads\/2023\/03\/S5-135U-09.jpg\"><img loading=\"lazy\" decoding=\"async\" width=\"1024\" height=\"621\" data-id=\"173\" src=\"https:\/\/s5.mikrocontroller.bplaced.net\/blog\/wp-content\/uploads\/2023\/03\/S5-135U-09-1024x621.jpg\" alt=\"\" class=\"wp-image-173\" srcset=\"https:\/\/s5.mikrocontroller.bplaced.net\/blog\/wp-content\/uploads\/2023\/03\/S5-135U-09-1024x621.jpg 1024w, https:\/\/s5.mikrocontroller.bplaced.net\/blog\/wp-content\/uploads\/2023\/03\/S5-135U-09-300x182.jpg 300w, https:\/\/s5.mikrocontroller.bplaced.net\/blog\/wp-content\/uploads\/2023\/03\/S5-135U-09-768x466.jpg 768w, https:\/\/s5.mikrocontroller.bplaced.net\/blog\/wp-content\/uploads\/2023\/03\/S5-135U-09-1536x932.jpg 1536w, https:\/\/s5.mikrocontroller.bplaced.net\/blog\/wp-content\/uploads\/2023\/03\/S5-135U-09.jpg 1600w\" sizes=\"auto, (max-width: 1024px) 100vw, 1024px\" \/><\/a><\/figure>\n\n\n\n<figure class=\"wp-block-image size-large\"><a href=\"https:\/\/s5.mikrocontroller.bplaced.net\/blog\/wp-content\/uploads\/2023\/03\/S5-135U-10.jpg\"><img loading=\"lazy\" decoding=\"async\" width=\"1024\" height=\"872\" data-id=\"176\" src=\"https:\/\/s5.mikrocontroller.bplaced.net\/blog\/wp-content\/uploads\/2023\/03\/S5-135U-10-1024x872.jpg\" alt=\"\" class=\"wp-image-176\" srcset=\"https:\/\/s5.mikrocontroller.bplaced.net\/blog\/wp-content\/uploads\/2023\/03\/S5-135U-10-1024x872.jpg 1024w, https:\/\/s5.mikrocontroller.bplaced.net\/blog\/wp-content\/uploads\/2023\/03\/S5-135U-10-300x255.jpg 300w, https:\/\/s5.mikrocontroller.bplaced.net\/blog\/wp-content\/uploads\/2023\/03\/S5-135U-10-768x654.jpg 768w, https:\/\/s5.mikrocontroller.bplaced.net\/blog\/wp-content\/uploads\/2023\/03\/S5-135U-10-1536x1308.jpg 1536w, https:\/\/s5.mikrocontroller.bplaced.net\/blog\/wp-content\/uploads\/2023\/03\/S5-135U-10.jpg 1600w\" sizes=\"auto, (max-width: 1024px) 100vw, 1024px\" \/><\/a><\/figure>\n\n\n\n<figure class=\"wp-block-image size-large\"><a href=\"https:\/\/s5.mikrocontroller.bplaced.net\/blog\/wp-content\/uploads\/2023\/03\/S5-135U-11.jpg\"><img loading=\"lazy\" decoding=\"async\" width=\"1024\" height=\"733\" data-id=\"175\" src=\"https:\/\/s5.mikrocontroller.bplaced.net\/blog\/wp-content\/uploads\/2023\/03\/S5-135U-11-1024x733.jpg\" alt=\"\" class=\"wp-image-175\" srcset=\"https:\/\/s5.mikrocontroller.bplaced.net\/blog\/wp-content\/uploads\/2023\/03\/S5-135U-11-1024x733.jpg 1024w, https:\/\/s5.mikrocontroller.bplaced.net\/blog\/wp-content\/uploads\/2023\/03\/S5-135U-11-300x215.jpg 300w, https:\/\/s5.mikrocontroller.bplaced.net\/blog\/wp-content\/uploads\/2023\/03\/S5-135U-11-768x550.jpg 768w, https:\/\/s5.mikrocontroller.bplaced.net\/blog\/wp-content\/uploads\/2023\/03\/S5-135U-11-1536x1099.jpg 1536w, https:\/\/s5.mikrocontroller.bplaced.net\/blog\/wp-content\/uploads\/2023\/03\/S5-135U-11.jpg 1600w\" sizes=\"auto, (max-width: 1024px) 100vw, 1024px\" \/><\/a><\/figure>\n\n\n\n<figure class=\"wp-block-image size-large\"><img loading=\"lazy\" decoding=\"async\" width=\"1024\" height=\"768\" data-id=\"180\" src=\"https:\/\/s5.mikrocontroller.bplaced.net\/blog\/wp-content\/uploads\/2023\/03\/S5-135U-12-1024x768.jpg\" alt=\"\" class=\"wp-image-180\" srcset=\"https:\/\/s5.mikrocontroller.bplaced.net\/blog\/wp-content\/uploads\/2023\/03\/S5-135U-12-1024x768.jpg 1024w, https:\/\/s5.mikrocontroller.bplaced.net\/blog\/wp-content\/uploads\/2023\/03\/S5-135U-12-300x225.jpg 300w, https:\/\/s5.mikrocontroller.bplaced.net\/blog\/wp-content\/uploads\/2023\/03\/S5-135U-12-768x576.jpg 768w, https:\/\/s5.mikrocontroller.bplaced.net\/blog\/wp-content\/uploads\/2023\/03\/S5-135U-12-1536x1152.jpg 1536w, https:\/\/s5.mikrocontroller.bplaced.net\/blog\/wp-content\/uploads\/2023\/03\/S5-135U-12.jpg 1600w\" sizes=\"auto, (max-width: 1024px) 100vw, 1024px\" \/><\/figure>\n\n\n\n<figure class=\"wp-block-image size-large\"><img loading=\"lazy\" decoding=\"async\" width=\"1024\" height=\"768\" data-id=\"182\" src=\"https:\/\/s5.mikrocontroller.bplaced.net\/blog\/wp-content\/uploads\/2023\/03\/S5-135U-13-1024x768.jpg\" alt=\"\" class=\"wp-image-182\" srcset=\"https:\/\/s5.mikrocontroller.bplaced.net\/blog\/wp-content\/uploads\/2023\/03\/S5-135U-13-1024x768.jpg 1024w, https:\/\/s5.mikrocontroller.bplaced.net\/blog\/wp-content\/uploads\/2023\/03\/S5-135U-13-300x225.jpg 300w, https:\/\/s5.mikrocontroller.bplaced.net\/blog\/wp-content\/uploads\/2023\/03\/S5-135U-13-768x576.jpg 768w, https:\/\/s5.mikrocontroller.bplaced.net\/blog\/wp-content\/uploads\/2023\/03\/S5-135U-13-1536x1152.jpg 1536w, https:\/\/s5.mikrocontroller.bplaced.net\/blog\/wp-content\/uploads\/2023\/03\/S5-135U-13.jpg 1600w\" sizes=\"auto, (max-width: 1024px) 100vw, 1024px\" \/><\/figure>\n\n\n\n<figure class=\"wp-block-image size-large\"><img loading=\"lazy\" decoding=\"async\" width=\"768\" height=\"1024\" data-id=\"181\" src=\"https:\/\/s5.mikrocontroller.bplaced.net\/blog\/wp-content\/uploads\/2023\/03\/S5-135U-14-768x1024.jpg\" alt=\"\" class=\"wp-image-181\" srcset=\"https:\/\/s5.mikrocontroller.bplaced.net\/blog\/wp-content\/uploads\/2023\/03\/S5-135U-14-768x1024.jpg 768w, https:\/\/s5.mikrocontroller.bplaced.net\/blog\/wp-content\/uploads\/2023\/03\/S5-135U-14-225x300.jpg 225w, https:\/\/s5.mikrocontroller.bplaced.net\/blog\/wp-content\/uploads\/2023\/03\/S5-135U-14-1152x1536.jpg 1152w, https:\/\/s5.mikrocontroller.bplaced.net\/blog\/wp-content\/uploads\/2023\/03\/S5-135U-14.jpg 1200w\" sizes=\"auto, (max-width: 768px) 100vw, 768px\" \/><\/figure>\n<\/figure>\n\n\n\n<p>Siemens Simatic S5-135U Automatisierungsger\u00e4t &#8211; Ein \u00dcberblick<\/p>\n\n\n\n<p>Siemens Simatic S5-135U ist ein Automatisierungsger\u00e4t, das in der Industrie weit verbreitet ist. Es wird verwendet, um komplexe industrielle Prozesse zu steuern und zu \u00fcberwachen. Das Ger\u00e4t ist Teil der Simatic S5-Familie, die eine Reihe von Automatisierungsger\u00e4ten und Programmierger\u00e4ten umfasst.<\/p>\n\n\n\n<p>Das S5-135U ist ein leistungsf\u00e4higes Automatisierungsger\u00e4t mit zahlreichen Funktionen. Es verf\u00fcgt \u00fcber eine CPU mit bis zu 32 KByte Programm- und 32 KByte Datenspeicher, der mit externen Speichern erweitert werden kann. Das Ger\u00e4t ist in der Lage, eine Vielzahl von Eingangs- und Ausgangssignalen zu verarbeiten und verf\u00fcgt \u00fcber zahlreiche integrierte Funktionen wie PID-Regelung, Interrupts und Kommunikationsschnittstellen.<\/p>\n\n\n\n<p>Eine der St\u00e4rken des S5-135U ist seine Flexibilit\u00e4t. Das Ger\u00e4t kann f\u00fcr eine Vielzahl von Anwendungen konfiguriert werden, einschlie\u00dflich der Steuerung von Prozessabl\u00e4ufen in der Fertigung, der Automatisierung von Produktionslinien und der \u00dcberwachung von Maschinen in Echtzeit. Es ist auch f\u00fcr den Einsatz in der Geb\u00e4udeautomatisierung geeignet, wo es zur Regelung von Heizungs-, L\u00fcftungs- und Klimaanlagen eingesetzt werden kann.<\/p>\n\n\n\n<p>Das S5-135U ist auch einfach zu programmieren und zu konfigurieren. Die Programmierung erfolgt \u00fcber eine spezielle Software, die auf einem PC ausgef\u00fchrt wird. Die Software bietet eine umfangreiche Bibliothek von Funktionen und Bausteinen, die zur Erstellung von Programmen verwendet werden k\u00f6nnen. Das Ger\u00e4t verf\u00fcgt auch \u00fcber eine Vielzahl von Diagnosefunktionen, die zur \u00dcberwachung der Systemleistung und zur schnellen Fehlerbehebung eingesetzt werden k\u00f6nnen.<\/p>\n\n\n\n<p>Zusammenfassend l\u00e4sst sich sagen, dass das Siemens Simatic S5-135U ein zuverl\u00e4ssiges und vielseitiges Automatisierungsger\u00e4t ist, das in einer Vielzahl von Anwendungen eingesetzt werden kann. Es bietet eine leistungsstarke CPU, eine Vielzahl von Eingangs- und Ausgangssignalen, zahlreiche integrierte Funktionen und eine einfache Programmierung und Konfiguration. Wenn Sie nach einem zuverl\u00e4ssigen Automatisierungsger\u00e4t suchen, sollten Sie das Siemens Simatic S5-135U in Betracht ziehen.<\/p>\n","protected":false},"excerpt":{"rendered":"<p>Simatic S5-135U \u2013 Dieses modular aufgebaute Automatisierungsger\u00e4t geh\u00f6rte zum mittleren Leistungsbereich der Simatic-S5-Ger\u00e4tereihe. Es handelt sich um das erste Simatic-Mehrprozessorsystem&nbsp;mit bis zu vier parallel betriebenen Zentralprozessoren. Jeder Zentralprozessor hat sein eigenes Programm, seine eigenen Merker, Zeiten und Z\u00e4hler. Alle Zentralprozessoren &hellip; <a href=\"https:\/\/s5.mikrocontroller.bplaced.net\/blog\/simatic-s5-135u\/\">Weiterlesen <span class=\"meta-nav\">&rarr;<\/span><\/a><\/p>\n","protected":false},"author":1,"featured_media":0,"parent":0,"menu_order":10,"comment_status":"open","ping_status":"closed","template":"","meta":{"footnotes":""},"class_list":["post-36","page","type-page","status-publish","hentry"],"_links":{"self":[{"href":"https:\/\/s5.mikrocontroller.bplaced.net\/blog\/wp-json\/wp\/v2\/pages\/36","targetHints":{"allow":["GET"]}}],"collection":[{"href":"https:\/\/s5.mikrocontroller.bplaced.net\/blog\/wp-json\/wp\/v2\/pages"}],"about":[{"href":"https:\/\/s5.mikrocontroller.bplaced.net\/blog\/wp-json\/wp\/v2\/types\/page"}],"author":[{"embeddable":true,"href":"https:\/\/s5.mikrocontroller.bplaced.net\/blog\/wp-json\/wp\/v2\/users\/1"}],"replies":[{"embeddable":true,"href":"https:\/\/s5.mikrocontroller.bplaced.net\/blog\/wp-json\/wp\/v2\/comments?post=36"}],"version-history":[{"count":6,"href":"https:\/\/s5.mikrocontroller.bplaced.net\/blog\/wp-json\/wp\/v2\/pages\/36\/revisions"}],"predecessor-version":[{"id":410,"href":"https:\/\/s5.mikrocontroller.bplaced.net\/blog\/wp-json\/wp\/v2\/pages\/36\/revisions\/410"}],"wp:attachment":[{"href":"https:\/\/s5.mikrocontroller.bplaced.net\/blog\/wp-json\/wp\/v2\/media?parent=36"}],"curies":[{"name":"wp","href":"https:\/\/api.w.org\/{rel}","templated":true}]}}